{"id":143,"date":"2020-05-15T08:32:45","date_gmt":"2020-05-15T06:32:45","guid":{"rendered":"http:\/\/kirche-eldingen.de\/?page_id=143"},"modified":"2026-04-20T10:18:03","modified_gmt":"2026-04-20T08:18:03","slug":"termine-2","status":"publish","type":"page","link":"http:\/\/kirche-eldingen.de\/?page_id=143","title":{"rendered":"Termine"},"content":{"rendered":"\n<h2 class=\"wp-block-heading\">Gottesdienste<br>                 Eldingen-Hohnhorst<\/h2>\n\n\n\n<figure class=\"wp-block-image size-full\"><img loading=\"lazy\" decoding=\"async\" width=\"776\" height=\"1089\" src=\"http:\/\/kirche-eldingen.de\/wp-content\/uploads\/2026\/04\/2026-04-GD-Plan-Aushang-update-nach-Ostern-1-pdf.jpg\" alt=\"\" class=\"wp-image-1099\"\/><\/figure>\n\n\n\n<hr class=\"wp-block-separator has-alpha-channel-opacity\"\/>\n\n\n\n<hr class=\"wp-block-separator has-alpha-channel-opacity\"\/>\n\n\n\n<h2 class=\"wp-block-heading\">Aktivit\u00e4ten in der Gemeinde<\/h2>\n\n\n\n<h4 class=\"wp-block-heading\">Konfirmandenunterricht<\/h4>\n\n\n\n<p>Der neue Jahrgang startet nach den Sommerferien. Er trifft sich gemeinsam mit dem Vorjahresjahrgang jeden Freitag von 16:30 bis 17:30 Uhr im Gemeindehaus der Kirche, Bahnhofstra\u00dfe 1 in Eldingen. Hast du noch Lust, komm einfach vorbei. Wir freuen uns.<\/p>\n\n\n\n<h4 class=\"wp-block-heading\">Seniorennachmittage<\/h4>\n\n\n\n<p>Unsere Seniorennachmittage finden einmal im Monat donnerstags im Gemeinderaum der Kirche, Bahnhofstr.1 statt. Genaue Termine entnehmen Sie bitte dem aktuellen Gemeindebrief (siehe unter Gemeindebrief).<br><\/p>\n\n\n\n<h4 class=\"wp-block-heading\">Seniorensingen mit Annegret<br>                                              im DGH Metzingen<\/h4>\n\n\n\n<p>Das Seniorensingen mit Annegret findet immer am ersten Donnerstag im Monat um 15:30 Uhr bis 17:30 Uhr im Dorfgemeinschaftshaus Metzingen, Zum Welft statt. <\/p>\n\n\n\n<p><strong>Annegret Feike, 05148\/14 99<\/strong><\/p>\n\n\n\n<p><\/p>\n\n\n\n<h4 class=\"wp-block-heading\">Posaunenchor Eldingen<\/h4>\n\n\n\n<p>Der <strong>Posaunenchor <\/strong>\u00fcbt jeden Dienstag von 19:30 bis 21 Uhr in der Grundschule Eldingen.<\/p>\n\n\n\n<p>Hast du Lust dabei zu sein und mit zu musizieren? Dann melde dich einfach bei <strong>Friedrich Ehlers, 05148\/15 09<\/strong>.<\/p>\n\n\n\n<p><br><\/p>\n\n\n\n<h4 class=\"wp-block-heading\">Vokalkreis Eldingen<\/h4>\n\n\n\n<p>Der Vokalkreis trifft sich immer mittwochs im S\u00f6Z. F\u00fcr Ausk\u00fcnfte steht Annegret gerne zur Verf\u00fcgung.<br><br><strong>Annegret Feike, 05148\/14 99<\/strong><\/p>\n","protected":false},"excerpt":{"rendered":"<p>Gottesdienste Eldingen-Hohnhorst Aktivit\u00e4ten in der Gemeinde Konfirmandenunterricht Der neue Jahrgang startet nach den Sommerferien. Er trifft sich gemeinsam mit dem Vorjahresjahrgang jeden Freitag von 16:30 bis 17:30 Uhr im Gemeindehaus der Kirche, Bahnhofstra\u00dfe 1 in Eldingen. Hast du noch Lust, komm einfach vorbei. Wir freuen uns. Seniorennachmittage Unsere Seniorennachmittage finden einmal im Monat donnerstags im [&hellip;]<\/p>\n","protected":false},"author":1,"featured_media":0,"parent":0,"menu_order":0,"comment_status":"closed","ping_status":"closed","template":"","meta":{"footnotes":""},"class_list":["post-143","page","type-page","status-publish","hentry"],"_links":{"self":[{"href":"http:\/\/kirche-eldingen.de\/index.php?rest_route=\/wp\/v2\/pages\/143","targetHints":{"allow":["GET"]}}],"collection":[{"href":"http:\/\/kirche-eldingen.de\/index.php?rest_route=\/wp\/v2\/pages"}],"about":[{"href":"http:\/\/kirche-eldingen.de\/index.php?rest_route=\/wp\/v2\/types\/page"}],"author":[{"embeddable":true,"href":"http:\/\/kirche-eldingen.de\/index.php?rest_route=\/wp\/v2\/users\/1"}],"replies":[{"embeddable":true,"href":"http:\/\/kirche-eldingen.de\/index.php?rest_route=%2Fwp%2Fv2%2Fcomments&post=143"}],"version-history":[{"count":89,"href":"http:\/\/kirche-eldingen.de\/index.php?rest_route=\/wp\/v2\/pages\/143\/revisions"}],"predecessor-version":[{"id":1101,"href":"http:\/\/kirche-eldingen.de\/index.php?rest_route=\/wp\/v2\/pages\/143\/revisions\/1101"}],"wp:attachment":[{"href":"http:\/\/kirche-eldingen.de\/index.php?rest_route=%2Fwp%2Fv2%2Fmedia&parent=143"}],"curies":[{"name":"wp","href":"https:\/\/api.w.org\/{rel}","templated":true}]}}

<h2 class="wp-block-heading">Gottesdienste<br>                 Eldingen-Hohnhorst</h2>



<figure class="wp-block-image size-full"><img loading="lazy" decoding="async" width="776" height="1089" src="http://kirche-eldingen.de/wp-content/uploads/2026/04/2026-04-GD-Plan-Aushang-update-nach-Ostern-1-pdf.jpg" alt="" class="wp-image-1099"/></figure>



<hr class="wp-block-separator has-alpha-channel-opacity"/>



<hr class="wp-block-separator has-alpha-channel-opacity"/>



<h2 class="wp-block-heading">Aktivitäten in der Gemeinde</h2>



<h4 class="wp-block-heading">Konfirmandenunterricht</h4>



<p>Der neue Jahrgang startet nach den Sommerferien. Er trifft sich gemeinsam mit dem Vorjahresjahrgang jeden Freitag von 16:30 bis 17:30 Uhr im Gemeindehaus der Kirche, Bahnhofstraße 1 in Eldingen. Hast du noch Lust, komm einfach vorbei. Wir freuen uns.</p>



<h4 class="wp-block-heading">Seniorennachmittage</h4>



<p>Unsere Seniorennachmittage finden einmal im Monat donnerstags im Gemeinderaum der Kirche, Bahnhofstr.1 statt. Genaue Termine entnehmen Sie bitte dem aktuellen Gemeindebrief (siehe unter Gemeindebrief).<br></p>



<h4 class="wp-block-heading">Seniorensingen mit Annegret<br>                                              im DGH Metzingen</h4>



<p>Das Seniorensingen mit Annegret findet immer am ersten Donnerstag im Monat um 15:30 Uhr bis 17:30 Uhr im Dorfgemeinschaftshaus Metzingen, Zum Welft statt. </p>



<p><strong>Annegret Feike, 05148/14 99</strong></p>



<p></p>



<h4 class="wp-block-heading">Posaunenchor Eldingen</h4>



<p>Der <strong>Posaunenchor </strong>übt jeden Dienstag von 19:30 bis 21 Uhr in der Grundschule Eldingen.</p>



<p>Hast du Lust dabei zu sein und mit zu musizieren? Dann melde dich einfach bei <strong>Friedrich Ehlers, 05148/15 09</strong>.</p>



<p><br></p>



<h4 class="wp-block-heading">Vokalkreis Eldingen</h4>



<p>Der Vokalkreis trifft sich immer mittwochs im SöZ. Für Auskünfte steht Annegret gerne zur Verfügung.<br><br><strong>Annegret Feike, 05148/14 99</strong></p>

<p>Gottesdienste Eldingen-Hohnhorst Aktivitäten in der Gemeinde Konfirmandenunterricht Der neue Jahrgang startet nach den Sommerferien. Er trifft sich gemeinsam mit dem Vorjahresjahrgang jeden Freitag von 16:30 bis 17:30 Uhr im Gemeindehaus der Kirche, Bahnhofstraße 1 in Eldingen. Hast du noch Lust, komm einfach vorbei. Wir freuen uns. Seniorennachmittage Unsere Seniorennachmittage finden einmal im Monat donnerstags im [&hellip;]</p>
